site?
True
Is 736298027 prime?
True
Is 32939739167 a prime number?
True
Is 51485469107 composite?
False
Is 528302471 prime?
True
Is 3016126849 prime?
False
Is 3253530713 a prime number?
False
Is 15648372911 a composite number?
False
Is 4177765547 a composite number?
True
Is 8360477663 a composite number?
False
Is 18598999 a composite number?
True
Is 2574442553 a composite number?
True
Is 2602485287 a composite number?
False
Is 987437977 a prime number?
True
Is 78008632199 prime?
False
Is 4735259141 composite?
False
Is 8394900617 prime?
False
Is 75725210161 composite?
False
Is 11337585587 a prime number?
True
Is 2460243959 prime?
True
Is 65417659507 composite?
False
Is 340634429 composite?
True
Is 26812829681 prime?
False
Is 4263066047 a prime number?
False
Is 99275572103 composite?
False
Is 81860064659 a composite number?
True
Is 1283468189 a prime number?
True
Is 918505297 a prime number?
False
Is 3510192223 a prime number?
True
Is 389949257 prime?
True
Is 2608457307 prime?
False
Is 80353603663 a composite number?
False
Is 11170958549 prime?
True
Is 80504773 a prime number?
True
Is 2467601485 a composite number?
True
Is 31886021339 a prime number?
False
Is 1630565963 a prime number?
False
Is 1041935379 prime?
False
Is 482177105 prime?
False
Is 1815485683 composite?
True
Is 10898753765 a prime number?
False
Is 60928953613 composite?
True
Is 1908450257 composite?
True
Is 683661029 a composite number?
False
Is 1561988773 prime?
False
Is 1600710494 prime?
False
Is 2797700509 a prime number?
True
Is 598221553 a composite number?
False
Is 42122703401 composite?
True
Is 2295833447 composite?
False
Is 3273860966 a prime number?
False
Is 22918720673 a prime number?
True
Is 7979794223 prime?
False
Is 858399359 a prime number?
True
Is 1299071197 a prime number?
True
Is 8896806043 a composite number?
False
Is 307928479003 a prime number?
True
Is 11901308567 a prime number?
False
Is 988455653 prime?
False
Is 604424033 a composite number?
False
Is 35376564989 composite?
False
Is 66873322501 a prime number?
False
Is 179738941 composite?
False
Is 135659162173 a composite number?
True
Is 157984760287 a composite number?
True
Is 58604606618 composite?
True
Is 2713749977 prime?
False
Is 2300893853 a composite number?
True
Is 7454398033 a composite number?
True
Is 2197220197 composite?
False
Is 7709900789 a prime number?
False
Is 51989717329 a composite number?
True
Is 10169171321 a prime number?
False
Is 417508667 a composite number?
False
Is 26394483 a prime number?
False
Is 4959798947 composite?
False
Is 432267259 a composite number?
False
Is 6436388239 composite?
True
Is 4897787021 prime?
True
Is 1173135277 composite?
False
Is 4553740223 a prime number?
True
Is 71873167241 composite?
False
Is 255384053 a prime number?
True
Is 8369218657 a prime number?
True
Is 35448535713 composite?
True
Is 5446427897 prime?
True
Is 13883704669 a composite number?
False
Is 94615838426 composite?
True
Is 31533861877 a composite number?
True
Is 1272009307 a prime number?
False
Is 492205151 composite?
False
Is 7855222931 prime?
False
Is 5459594783 composite?
False
Is 1397957749 a prime number?
True
Is 6862147247 prime?
True
Is 3005562541 prime?
True
Is 17759255471 prime?
True
Is 1196676899 composite?
True
Is 365682501763 prime?
False
Is 2322830677 a prime number?
True
Is 39134200559 composite?
False
Is 496788371 composite?
False
Is 33270326363 a prime number?
False
Is 3149546227 a prime number?
False
Is 3341462881 composite?
False
Is 25068051037 composite?
True
Is 260975087 a prime number?
True
Is 6134275219 prime?
True
Is 4672809749 prime?
True
Is 3152180861 a prime number?
False
Is 709368053 a prime number?
False
Is 1393002977 a prime number?
True
Is 1495804094 prime?
False
Is 51192882023 prime?
False
Is 9106727887 a composite number?
False
Is 4377242437 prime?
True
Is 2065116373 prime?
False
Is 13405324213 a prime number?
False
Is 21684258499 a composite number?
True
Is 957775711333 a composite number?
True
Is 200078519 composite?
True
Is 1000168951 a prime number?
False
Is 4451902211 prime?
False
Is 20350777693 a prime number?
False
Is 240626387 composite?
True
Is 198951503 composite?
False
Is 33047196991 a prime number?
False
Is 8723501197 a composite number?
False
Is 874214959 a composite number?
False
Is 1536828529 prime?
True
Is 30994171423 a composite number?
False
Is 1633893797 prime?
True
Is 37981997 a composite number?
False
Is 5580138841 a composite number?
False
Is 23065028949 prime?
False
Is 7433718134 a prime number?
False
Is 8455518829 a prime number?
False
Is 388573378015 a prime number?
False
Is 169070351 prime?
True
Is 2200537 prime?
True
Is 1078899358 a composite number?
True
Is 10596677141 composite?
False
Is 7763602559 prime?
False
Is 2451712049 prime?
True
Is 43259977153 a composite number?
False
Is 24047892907 composite?
True
Is 2293419509 composite?
True
Is 781376021 composite?
True
Is 602256911 a composite number?
True
Is 820670339 composite?
False
Is 3146743967 a prime number?
True
Is 5462449151 a composite number?
False
Is 37958231327 a composite number?
True
Is 4084019 a prime number?
True
Is 5663499851 a composite number?
False
Is 31364621921 a prime number?
False
Is 4502870209 prime?
True
Is 1122870173 composite?
False
Is 14600690101 a prime number?
True
Is 18182503943 a prime number?
True
Is 470120503 composite?
False
Is 1028869187 a composite number?
False
Is 75630648377 a composite number?
True
Is 981083273 prime?
True
Is 1456025117 a prime number?
False
Is 749541719 a prime number?
True
Is 9626270047 prime?
False
Is 333874921 a composite number?
False
Is 1008410213 a prime number?
True
Is 6436709701 composite?
False
Is 1822075849 a prime number?
False
Is 98526756577 a prime number?
True
Is 44919667657 a composite number?
False
Is 1265200579 prime?
False
Is 4891055009 composite?
False
Is 46442652449 composite?
True
Is 11505946661 a prime number?
False
Is 32935116163 composite?
False
Is 4503105223 a composite number?
False
Is 3885997837 composite?
False
Is 5056852709 prime?
True
Is 169659793 a composite number?
False
Is 8058137891 prime?
True
Is 24232330301 a composite number?
False
Is 14059843069 a prime number?
True
Is 144912451999 a prime number?
False
Is 338612893 a composite number?
True
Is 452462015 composite?
True
Is 17375681017 a prime number?
True
Is 265282559 a prime number?
False
Is 7286883677 a composite number?
True
Is 36759235 a composite number?
True
Is 102463979711 a composite number?
False
Is 7445709043 composite?
False
Is 51045675113 composite?
True
Is 1183768423 a prime number?
True
Is 2444274527 prime?
False
Is 39532707793 composite?
False
Is 189636899 composite?
False
Is 3341685343 a prime number?
False
Is 10256310139 a prime number?
False
Is 90237069463 prime?
False
Is 308679767821 composite?
False
Is 23308457171 a composite number?
False
Is 2748957889 prime?
True
Is 16864173839 a prime number?
False
Is 11649673697 prime?
True
Is 4033560119 a prime number?
False
Is 923747885 a prime number?
False
Is 513474317 composite?
False
Is 5379794821 a prime number?
True
Is 435619367 composite?
False
Is 2682052507 a prime number?
False
Is 624917863159 a prime number?
True
Is 1520588947 a prime number?
True
Is 463247611 a prime number?
True
Is 225364163 composite?
False
Is 70233523 prime?
False
Is 2069771729 prime?
False
Is 6953136851 prime?
False
Is 24017937137 composite?
False
Is 5486026243 a prime number?
True
Is 334473257 a composite number?
True
Is 343999135 a prime number?
False
Is 2208415561 composite?
True
Is 42774304361 a composite number?
True
Is 98314684763 composite?
True
Is 22520998249 prime?
True
Is 1985485231 prime?
False
Is 12853857217 a composite number?
False
Is 243884633947 prime?
False
Is 16389268397 a prime number?
True
Is 147093539 a composite number?
True
Is 91668167 composite?
True
Is 27944288761 prime?
True
Is 89435852791 a prime number?
False
Is 106214981 a composite number?
False
Is 1226542403 prime?
False
Is 694969073 composite?
True
Is 293376751 a composite number?
False
Is 98871845407 a prime number?
False
Is 16991957131 composite?
False
Is 16773321413 prime?
False
Is 1980767339 composite?
False
Is 1011949451 prime?
True
Is 1908829913 composite?
True
Is 2277477823 a composite number?
True
Is 13607438